{"id":152,"date":"2019-12-29T00:48:09","date_gmt":"2019-12-29T00:48:09","guid":{"rendered":"http:\/\/www.av-ffo91.de\/?page_id=152"},"modified":"2022-01-08T22:02:34","modified_gmt":"2022-01-08T21:02:34","slug":"disclaimer-rechtliche-hinweise","status":"publish","type":"page","link":"https:\/\/www.av-ffo91.de\/aktuelles\/disclaimer-rechtliche-hinweise\/","title":{"rendered":"Disclaimer &#8211; rechtliche Hinweise"},"content":{"rendered":"\n<p><strong>\u00a7 1 Haftungsbeschr\u00e4nkung<\/strong><br>Die Inhalte dieser Website werden mit gr\u00f6\u00dftm\u00f6glicher Sorgfalt erstellt.  Der Anbieter \u00fcbernimmt jedoch keine Gew\u00e4hr f\u00fcr die Richtigkeit,  Vollst\u00e4ndigkeit und Aktualit\u00e4t der bereitgestellten Inhalte. Die Nutzung  der Inhalte der Website erfolgt auf eigene Gefahr des Nutzers.  Namentlich gekennzeichnete Beitr\u00e4ge geben die Meinung des jeweiligen  Autors und nicht immer die Meinung des Anbieters wieder. Mit der reinen  Nutzung der Website des Anbieters kommt keinerlei Vertragsverh\u00e4ltnis  zwischen dem Nutzer und dem Anbieter zustande.<\/p>\n\n\n\n<p><strong>\u00a7 2 Externe Links<\/strong><br>Diese Website enth\u00e4lt Verkn\u00fcpfungen zu Websites Dritter (&#8222;externe  Links&#8220;). Diese Websites unterliegen der Haftung der jeweiligen  Betreiber. Der Anbieter hat bei der erstmaligen Verkn\u00fcpfung der externen  Links die fremden Inhalte daraufhin \u00fcberpr\u00fcft, ob etwaige  Rechtsverst\u00f6\u00dfe bestehen. Zu dem Zeitpunkt waren keine Rechtsverst\u00f6\u00dfe  ersichtlich. Der Anbieter hat keinerlei Einfluss auf die aktuelle und  zuk\u00fcnftige Gestaltung und auf die Inhalte der verkn\u00fcpften Seiten. Das  Setzen von externen Links bedeutet nicht, dass sich der Anbieter die  hinter dem Verweis oder Link liegenden Inhalte zu Eigen macht. Eine  st\u00e4ndige Kontrolle der externen Links ist f\u00fcr den Anbieter ohne konkrete  Hinweise auf Rechtsverst\u00f6\u00dfe nicht zumutbar. Bei Kenntnis von  Rechtsverst\u00f6\u00dfen werden jedoch derartige externe Links unverz\u00fcglich  gel\u00f6scht.<\/p>\n\n\n\n<p><strong>\u00a7 3 Urheber- und Leistungsschutzrechte<\/strong><br>Die auf dieser Website ver\u00f6ffentlichten Inhalte unterliegen dem  deutschen Urheber- und Leistungsschutzrecht. Jede vom deutschen Urheber-  und Leistungsschutzrecht nicht zugelassene Verwertung bedarf der  vorherigen schriftlichen Zustimmung des Anbieters oder jeweiligen  Rechteinhabers. Dies gilt insbesondere f\u00fcr Vervielf\u00e4ltigung,  Bearbeitung, \u00dcbersetzung, Einspeicherung, Verarbeitung bzw. Wiedergabe  von Inhalten in Datenbanken oder anderen elektronischen Medien und  Systemen. Inhalte und Rechte Dritter sind dabei als solche  gekennzeichnet. Die unerlaubte Vervielf\u00e4ltigung oder Weitergabe  einzelner Inhalte oder kompletter Seiten ist nicht gestattet und  strafbar. Lediglich die Herstellung von Kopien und Downloads f\u00fcr den  pers\u00f6nlichen, privaten und nicht kommerziellen Gebrauch ist erlaubt.<\/p>\n\n\n\n<p>Die Darstellung dieser Website in fremden Frames ist nur mit schriftlicher Erlaubnis zul\u00e4ssig.<\/p>\n\n\n\n<p><strong>\u00a7 4 Besondere Nutzungsbedingungen<\/strong><br>Soweit besondere Bedingungen f\u00fcr einzelne Nutzungen dieser Website von  den vorgenannten Paragraphen abweichen, wird an entsprechender Stelle  ausdr\u00fccklich darauf hingewiesen. In diesem Falle gelten im jeweiligen  Einzelfall die besonderen Nutzungsbedingungen.<\/p>\n","protected":false},"excerpt":{"rendered":"<p>\u00a7 1 Haftungsbeschr\u00e4nkungDie Inhalte dieser Website werden mit gr\u00f6\u00dftm\u00f6glicher Sorgfalt erstellt. Der Anbieter \u00fcbernimmt jedoch keine Gew\u00e4hr f\u00fcr die Richtigkeit, Vollst\u00e4ndigkeit und Aktualit\u00e4t der bereitgestellten Inhalte. Die Nutzung der Inhalte der Website erfolgt auf eigene Gefahr des Nutzers. Namentlich gekennzeichnete Beitr\u00e4ge geben die Meinung des jeweiligen Autors und nicht immer die Meinung des Anbieters wieder. [&hellip;]<\/p>\n","protected":false},"author":1,"featured_media":0,"parent":0,"menu_order":0,"comment_status":"closed","ping_status":"closed","template":"","meta":{"_mc_calendar":[],"footnotes":""},"class_list":["post-152","page","type-page","status-publish","hentry"],"yoast_head":"<!-- This site is optimized with the Yoast SEO plugin v27.5 - https:\/\/yoast.com\/product\/yoast-seo-wordpress\/ -->\n<title>Disclaimer - rechtliche Hinweise - Angelverein Frankfurt (O) 91 e.V.<\/title>\n<meta name=\"description\" content=\"Disclaimer - rechtliche Hinweise\" \/>\n<meta name=\"robots\" content=\"index, follow, max-snippet:-1, max-image-preview:large, max-video-preview:-1\" \/>\n<link rel=\"canonical\" href=\"https:\/\/www.av-ffo91.de\/aktuelles\/disclaimer-rechtliche-hinweise\/\" \/>\n<meta property=\"og:locale\" content=\"de_DE\" \/>\n<meta property=\"og:type\" content=\"article\" \/>\n<meta property=\"og:title\" content=\"Disclaimer - rechtliche Hinweise - Angelverein Frankfurt (O) 91 e.V.\" \/>\n<meta property=\"og:description\" content=\"Disclaimer - rechtliche Hinweise\" \/>\n<meta property=\"og:url\" content=\"https:\/\/www.av-ffo91.de\/aktuelles\/disclaimer-rechtliche-hinweise\/\" \/>\n<meta property=\"og:site_name\" content=\"Angelverein Frankfurt (O) 91 e.V.\" \/>\n<meta property=\"article:modified_time\" content=\"2022-01-08T21:02:34+00:00\" \/>\n<meta name=\"twitter:card\" content=\"summary_large_image\" \/>\n<meta name=\"twitter:label1\" content=\"Gesch\u00e4tzte Lesezeit\" \/>\n\t<meta name=\"twitter:data1\" content=\"2\u00a0Minuten\" \/>\n<script type=\"application\/ld+json\" class=\"yoast-schema-graph\">{\"@context\":\"https:\\\/\\\/schema.org\",\"@graph\":[{\"@type\":\"WebPage\",\"@id\":\"https:\\\/\\\/www.av-ffo91.de\\\/aktuelles\\\/disclaimer-rechtliche-hinweise\\\/\",\"url\":\"https:\\\/\\\/www.av-ffo91.de\\\/aktuelles\\\/disclaimer-rechtliche-hinweise\\\/\",\"name\":\"Disclaimer - rechtliche Hinweise - Angelverein Frankfurt (O) 91 e.V.\",\"isPartOf\":{\"@id\":\"https:\\\/\\\/www.av-ffo91.de\\\/aktuelles\\\/#website\"},\"datePublished\":\"2019-12-29T00:48:09+00:00\",\"dateModified\":\"2022-01-08T21:02:34+00:00\",\"description\":\"Disclaimer - rechtliche Hinweise\",\"breadcrumb\":{\"@id\":\"https:\\\/\\\/www.av-ffo91.de\\\/aktuelles\\\/disclaimer-rechtliche-hinweise\\\/#breadcrumb\"},\"inLanguage\":\"de\",\"potentialAction\":[{\"@type\":\"ReadAction\",\"target\":[\"https:\\\/\\\/www.av-ffo91.de\\\/aktuelles\\\/disclaimer-rechtliche-hinweise\\\/\"]}]},{\"@type\":\"BreadcrumbList\",\"@id\":\"https:\\\/\\\/www.av-ffo91.de\\\/aktuelles\\\/disclaimer-rechtliche-hinweise\\\/#breadcrumb\",\"itemListElement\":[{\"@type\":\"ListItem\",\"position\":1,\"name\":\"Startseite\",\"item\":\"https:\\\/\\\/www.av-ffo91.de\\\/aktuelles\\\/\"},{\"@type\":\"ListItem\",\"position\":2,\"name\":\"Disclaimer &#8211; rechtliche Hinweise\"}]},{\"@type\":\"WebSite\",\"@id\":\"https:\\\/\\\/www.av-ffo91.de\\\/aktuelles\\\/#website\",\"url\":\"https:\\\/\\\/www.av-ffo91.de\\\/aktuelles\\\/\",\"name\":\"Angelverein Frankfurt (O) 91 e.V.\",\"description\":\"Hier finden Sie Informationen \u00fcber unseren Anglerverein in Frankfurt (O) 91.E.V., das Angeln in und um Frankfurt (Oder))\",\"publisher\":{\"@id\":\"https:\\\/\\\/www.av-ffo91.de\\\/aktuelles\\\/#organization\"},\"potentialAction\":[{\"@type\":\"SearchAction\",\"target\":{\"@type\":\"EntryPoint\",\"urlTemplate\":\"https:\\\/\\\/www.av-ffo91.de\\\/aktuelles\\\/?s={search_term_string}\"},\"query-input\":{\"@type\":\"PropertyValueSpecification\",\"valueRequired\":true,\"valueName\":\"search_term_string\"}}],\"inLanguage\":\"de\"},{\"@type\":\"Organization\",\"@id\":\"https:\\\/\\\/www.av-ffo91.de\\\/aktuelles\\\/#organization\",\"name\":\"Anglerverein Frankfurt (O) 91 e.V.\",\"url\":\"https:\\\/\\\/www.av-ffo91.de\\\/aktuelles\\\/\",\"logo\":{\"@type\":\"ImageObject\",\"inLanguage\":\"de\",\"@id\":\"https:\\\/\\\/www.av-ffo91.de\\\/aktuelles\\\/#\\\/schema\\\/logo\\\/image\\\/\",\"url\":\"https:\\\/\\\/www.av-ffo91.de\\\/wp-content\\\/uploads\\\/2019\\\/12\\\/Wappen_Favicon.ico\",\"contentUrl\":\"https:\\\/\\\/www.av-ffo91.de\\\/wp-content\\\/uploads\\\/2019\\\/12\\\/Wappen_Favicon.ico\",\"width\":16,\"height\":16,\"caption\":\"Anglerverein Frankfurt (O) 91 e.V.\"},\"image\":{\"@id\":\"https:\\\/\\\/www.av-ffo91.de\\\/aktuelles\\\/#\\\/schema\\\/logo\\\/image\\\/\"}}]}<\/script>\n<!-- \/ Yoast SEO plugin. -->","yoast_head_json":{"title":"Disclaimer - rechtliche Hinweise - Angelverein Frankfurt (O) 91 e.V.","description":"Disclaimer - rechtliche Hinweise","robots":{"index":"index","follow":"follow","max-snippet":"max-snippet:-1","max-image-preview":"max-image-preview:large","max-video-preview":"max-video-preview:-1"},"canonical":"https:\/\/www.av-ffo91.de\/aktuelles\/disclaimer-rechtliche-hinweise\/","og_locale":"de_DE","og_type":"article","og_title":"Disclaimer - rechtliche Hinweise - Angelverein Frankfurt (O) 91 e.V.","og_description":"Disclaimer - rechtliche Hinweise","og_url":"https:\/\/www.av-ffo91.de\/aktuelles\/disclaimer-rechtliche-hinweise\/","og_site_name":"Angelverein Frankfurt (O) 91 e.V.","article_modified_time":"2022-01-08T21:02:34+00:00","twitter_card":"summary_large_image","twitter_misc":{"Gesch\u00e4tzte Lesezeit":"2\u00a0Minuten"},"schema":{"@context":"https:\/\/schema.org","@graph":[{"@type":"WebPage","@id":"https:\/\/www.av-ffo91.de\/aktuelles\/disclaimer-rechtliche-hinweise\/","url":"https:\/\/www.av-ffo91.de\/aktuelles\/disclaimer-rechtliche-hinweise\/","name":"Disclaimer - rechtliche Hinweise - Angelverein Frankfurt (O) 91 e.V.","isPartOf":{"@id":"https:\/\/www.av-ffo91.de\/aktuelles\/#website"},"datePublished":"2019-12-29T00:48:09+00:00","dateModified":"2022-01-08T21:02:34+00:00","description":"Disclaimer - rechtliche Hinweise","breadcrumb":{"@id":"https:\/\/www.av-ffo91.de\/aktuelles\/disclaimer-rechtliche-hinweise\/#breadcrumb"},"inLanguage":"de","potentialAction":[{"@type":"ReadAction","target":["https:\/\/www.av-ffo91.de\/aktuelles\/disclaimer-rechtliche-hinweise\/"]}]},{"@type":"BreadcrumbList","@id":"https:\/\/www.av-ffo91.de\/aktuelles\/disclaimer-rechtliche-hinweise\/#breadcrumb","itemListElement":[{"@type":"ListItem","position":1,"name":"Startseite","item":"https:\/\/www.av-ffo91.de\/aktuelles\/"},{"@type":"ListItem","position":2,"name":"Disclaimer &#8211; rechtliche Hinweise"}]},{"@type":"WebSite","@id":"https:\/\/www.av-ffo91.de\/aktuelles\/#website","url":"https:\/\/www.av-ffo91.de\/aktuelles\/","name":"Angelverein Frankfurt (O) 91 e.V.","description":"Hier finden Sie Informationen \u00fcber unseren Anglerverein in Frankfurt (O) 91.E.V., das Angeln in und um Frankfurt (Oder))","publisher":{"@id":"https:\/\/www.av-ffo91.de\/aktuelles\/#organization"},"potentialAction":[{"@type":"SearchAction","target":{"@type":"EntryPoint","urlTemplate":"https:\/\/www.av-ffo91.de\/aktuelles\/?s={search_term_string}"},"query-input":{"@type":"PropertyValueSpecification","valueRequired":true,"valueName":"search_term_string"}}],"inLanguage":"de"},{"@type":"Organization","@id":"https:\/\/www.av-ffo91.de\/aktuelles\/#organization","name":"Anglerverein Frankfurt (O) 91 e.V.","url":"https:\/\/www.av-ffo91.de\/aktuelles\/","logo":{"@type":"ImageObject","inLanguage":"de","@id":"https:\/\/www.av-ffo91.de\/aktuelles\/#\/schema\/logo\/image\/","url":"https:\/\/www.av-ffo91.de\/wp-content\/uploads\/2019\/12\/Wappen_Favicon.ico","contentUrl":"https:\/\/www.av-ffo91.de\/wp-content\/uploads\/2019\/12\/Wappen_Favicon.ico","width":16,"height":16,"caption":"Anglerverein Frankfurt (O) 91 e.V."},"image":{"@id":"https:\/\/www.av-ffo91.de\/aktuelles\/#\/schema\/logo\/image\/"}}]}},"_links":{"self":[{"href":"https:\/\/www.av-ffo91.de\/aktuelles\/wp-json\/wp\/v2\/pages\/152","targetHints":{"allow":["GET"]}}],"collection":[{"href":"https:\/\/www.av-ffo91.de\/aktuelles\/wp-json\/wp\/v2\/pages"}],"about":[{"href":"https:\/\/www.av-ffo91.de\/aktuelles\/wp-json\/wp\/v2\/types\/page"}],"author":[{"embeddable":true,"href":"https:\/\/www.av-ffo91.de\/aktuelles\/wp-json\/wp\/v2\/users\/1"}],"replies":[{"embeddable":true,"href":"https:\/\/www.av-ffo91.de\/aktuelles\/wp-json\/wp\/v2\/comments?post=152"}],"version-history":[{"count":2,"href":"https:\/\/www.av-ffo91.de\/aktuelles\/wp-json\/wp\/v2\/pages\/152\/revisions"}],"predecessor-version":[{"id":779,"href":"https:\/\/www.av-ffo91.de\/aktuelles\/wp-json\/wp\/v2\/pages\/152\/revisions\/779"}],"wp:attachment":[{"href":"https:\/\/www.av-ffo91.de\/aktuelles\/wp-json\/wp\/v2\/media?parent=152"}],"curies":[{"name":"wp","href":"https:\/\/api.w.org\/{rel}","templated":true}]}}